test common factor of n and 40.
20
Suppose 0 = -4*j + 3*p + 188, 4*j = -2*p + 159 + 9. What is the greatest common factor of 4 and j?
4
Let w = 32 - -19. Calculate the greatest common factor of w and 34.
17
Suppose 32 - 10 = h. What is the greatest common factor of h and 11?
11
Let a be (-34)/4*(-3 + 5). Let z = 33 + a. Calculate the greatest common factor of 16 and z.
16
Let y be 630/20 + 3/(-2). Calculate the highest common factor of y and 10.
10
Let s = -19 - -51. Calculate the greatest common divisor of 80 and s.
16
Suppose -f + 48 = h + 3*f, -h + 27 = -3*f. Calculate the greatest common factor of 12 and h.
12
Let c = 231 + -213. What is the greatest common divisor of c and 27?
9
Let y = -1 - -14. Calculate the highest common divisor of y and 52.
13
Let d be (1 + 0)/((-2)/(-18)). Suppose 3*q = -c + 105, -c - 75 = -2*q - 0*q. What is the greatest common factor of d and q?
9
Suppose 3*z = 20*z - 612. Calculate the greatest common divisor of 12 and z.
12
Suppose -3*v + 3*k + 42 + 6 = 0, 4*k = v - 28. What is the greatest common factor of 48 and v?
12
Let q = 10 - 17. Let x be -1*(q - (-16)/(-4)). Let m = 232 + -111. What is the highest common divisor of m and x?
11
Suppose -2*z = -4*z + 18. Let m be (-21)/z - (-3)/9. Let x be 1 - 1 - m*5. Calculate the greatest common divisor of 10 and x.
10
Suppose n + 2*a - 11 = 0, -n - 5 = -3*a + a. What is the highest common factor of n and 9?
3
Let r(w) = -w**3 - 7*w**2 - 15*w - 36. Let u be r(-6). What is the highest common factor of u and 36?
18
Let v(b) = -b**3 - 8*b**2 - 2*b - 12. Let h be v(-8). Suppose 3*x = 35 + h. What is the greatest common divisor of 65 and x?
13
Let x(g) = 3*g**2 - 18*g**3 + 7*g - 6*g - 3*g**2. Let z be x(-1). Suppose -4*l + 68 = -2*l. Calculate the highest common divisor of l and z.
17
Let q(s) = -4*s**3 + 11*s**2 + 4*s**3 - 6*s - 7 - 5*s**2 + s**3. Let o be q(-5). Suppose -4*v = -v - 96. Calculate the highest common divisor of o and v.
16
Let a be (-237)/(-27) - (-6)/27. Let j(i) = -3 - 2 - i**2 + 8*i - 1. Let u be j(5). What is the greatest common divisor of a and u?
9
Suppose -3*g + 5*l = 4*l - 22, 3*g - 5*l - 2 = 0. What is the highest common divisor of g and 18?
9
Suppose -4*z = -0*z - 28. Let w be 176/5 - 13/65. What is the greatest common divisor of w and z?
7
Let u(x) = -7*x + 7. Let k be u(-5). Suppose 0 = 2*j - 4*v + 32, -3*v + 27 = -j - j. Let n be (4/j)/((-1)/k). Calculate the highest common divisor of n and 14.
14
Let m = -27 - -13. Let t(i) = -11*i - 9. Let u be t(-2). Let k = u - m. What is the highest common factor of 9 and k?
9
Let b(n) = 3*n**2 + 2. Let f be b(-5). Let d(t) = 11*t + 40. Let c be d(-3). What is the highest common factor of c and f?
7
Let z(k) = -3*k - 1. Let y be z(-1). Let s = 7 - y. Suppose 5*n + 3*o = 67, -3*n + 0*n + s*o = -13. Calculate the greatest common divisor of n and 121.
11
Let j(i) = 2*i + 46. Let r be j(-19). What is the highest common divisor of r and 72?
8
Let v(q) = -2*q**2 + 20*q + 8. Let b = 28 + -18. Let m be v(b). What is the highest common factor of m and 1?
1
Let u = -31 - -34. What is the greatest common divisor of u and 1?
1
Let m = -30 - -33. Calculate the highest common divisor of m and 15.
3
Let y = -21 + 31. Calculate the highest common factor of y and 35.
5
Suppose -4*j + j + 370 = 4*f, 5*f = -3*j + 368. Suppose p + 5*x - 13 = 0, 4*p - x + 11 - j = 0. Calculate the greatest common divisor of p and 7.
7
Let d = 12 + 2. Suppose q + 1 = 3. What is the greatest common divisor of d and q?
2
Let q(k) = 5*k**2 + 5*k - 4. Let j be q(4). Calculate the greatest common factor of j and 24.
24
Let t(v) = v + 14 + 4 + 0. Let y(c) = -c**3 - 10*c**2 - 7*c + 10. Let q be y(-9). Let z be t(q). Calculate the greatest common factor of z and 2.
2
Let y be 108 - (-3 - 1) - 1. What is the greatest common divisor of 74 and y?
37
Suppose 32 = -4*b + 8*b. What is the highest common divisor of b and 1?
1
Suppose 4*s + 0*s = -2*b, 4*b - s = 9. Let x be 68/(-3)*(-3)/b. What is the highest common divisor of 51 and x?
17
Let q(u) = -u**2 - 6*u - 5. Let c be q(-5). Suppose c = 7*t - 310 - 537. What is the greatest common divisor of t and 11?
11
Let q = 2 + 2. Suppose -q*m - 12 + 52 = 0. What is the greatest common factor of 15 and m?
5
Let x(y) = y**3 - 6*y**2 + 2*y. Let q be x(6). Suppose -17*n + 34*n = 2244. Calculate the highest common divisor of n and q.
12
Let n = -87 - -157. Calculate the highest common factor of n and 10.
10
Let y be 2/2*(3 - -2). Suppose 0 = y*m - 3*n + 116 - 18, 4*m + 104 = -4*n. Let g be (0 + 34)/((-4)/m). What is the greatest common factor of 17 and g?
17
Suppose 11 + 17 = 3*z + n, z + 14 = -5*n. Calculate the highest common factor of z and 143.
11
Let q = -93 - -337. Let j = -118 + q. What is the highest common factor of 18 and j?
18
Let l be 1/1 + 2/2. Let i(j) = 3*j + 2*j**2 + 1 - j + 4*j**l. Let u be i(-1). Calculate the highest common factor of u and 10.
5
Let t = 4 + 4. Let d = 0 + t. What is the highest common factor of d and 24?
8
Let f be 14/10 + 10/(-25). Suppose f + 10 = s. Calculate the greatest common factor of 77 and s.
11
Suppose 0 = -j + 5. Let b be (-2)/j - 6/(-15). Suppose 0 = 3*h - b*h - 27. Calculate the highest common divisor of h and 36.
9
Let g be (-12)/5 - 2/(-5). Let n = g + 2. Let l be (4 - 0)*12 - n. What is the greatest common divisor of 12 and l?
12
Let c = -118 + 198. Calculate the highest common divisor of 16 and c.
16
Let m be 3/(-1 + (-8)/(-7)). Suppose 4*n - 2 + 0 = 2*r, -8 = -5*n - 3*r. Let w be m/2 - n/2. What is the highest common divisor of w and 10?
10
Suppose 3 = -l + 6. Suppose a - l*r - 7 - 14 = 0, -4*a + 3*r + 120 = 0. Let v(o) = o**2 - 2*o. Let z be v(3). Calculate the greatest common divisor of a and z.
3
Suppose o + 2*a - 9 = 0, o - 11 - 2 = 2*a. Let w = 3 - o. Let b = w - -12. Calculate the greatest common divisor of b and 4.
4
Suppose -4*d + 3*l + 687 = 0, 8*l - 3*l - 479 = -3*d. What is the greatest common divisor of 24 and d?
24
Let i = 218 - -34. Suppose -2*o - i = -4*o. What is the greatest common divisor of 18 and o?
18
Let j(y) = y**2 + 4*y - 10. Let d = -2 - 5. Let z be j(d). Calculate the greatest common divisor of z and 55.
11
Let m be ((-40)/15 - -4)*33. What is the greatest common divisor of m and 4?
4
Let h(f) = -4*f - 3*f**2 + 2*f + 11*f**3 + 7*f**2 - 1. Let d be 0/(-3) + 2 + 0. Let l be h(d). What is the greatest common divisor of l and 9?
9
Let l(d) = -d**2 - 9*d - 10. Let y be l(-7). What is the highest common divisor of y and 4?
4
Let y(a) = 4*a**2 + a + 13. Let o be y(-9). Let p(w) = -w + 13. Let n be p(6). Let l be 2/n + o/28. What is the highest common factor of 96 and l?
12
Let f be (-3)/(-3) - (2 + -8). Suppose 2*c + 50 = f*c. Suppose c = 2*g, -3*g = -4*a - 2*g + 135. What is the greatest common divisor of 5 and a?
5
Suppose -2*j + 52 = -0*u - 5*u, 2*u = 4*j - 104. Calculate the greatest common divisor of j and 208.
26
Let c be (-7)/(-49) + (-228)/(-21). What is the greatest common factor of 88 and c?
11
Let g(q) = q**3 + 13*q**2 + 8. Let h be g(-13). Let y be 16/(-6) + 4/6. Let z be (-1 + (-2)/(-4))*y. What is the highest common divisor of h and z?
1
Let r(s) = 4*s**3 - 3*s**2 + s + 2. Let d be r(2). Let z = 127 - 111. Calculate the highest common divisor of z and d.
8
Suppose s - 3*s = -4*c, -c - 5 = 2*s. Let w = s + 4. Suppose -t + 2*t - 14 = 0. Calculate the greatest common divisor of w and t.
2
Suppose 21 = h - 19. Suppose v - h = -3*v. Let i be 176/18 + (-2)/(-9). What is the highest common factor of i and v?
10
Let o(g) = 9*g - 1. Let m be o(1). Let z = -15 + 35. Calculate the greatest common divisor of z and m.
4
Let p be (-4)/(-6) - (-50)/15. Let l = 2 + p. Let a be 80/(-15)*(-18)/4. Calculate the highest common factor of l and a.
6
Let l = 542 - -60. Suppose -5*b + l = 107. Suppose 36 = 3*t + 3. What is the highest common factor of t and b?
11
Suppose 0 = -5*n + 54 - 4. Let r = -1 + -1. Let v be r/(-4)*(11 - 1). What is the greatest common factor of v and n?
5
Suppose 6*g = 4*g + 8. Suppose 2*n + g*t = -2*n + 92, 0 = -4*n + 5*t + 101. Suppose 0 = -3*d - 0 + 24. What is the highest common factor of d and n?
8
Suppose 2*w = -w - u - 2, -5*w - 3*u = 6. Let l = 0 - w. Let v = l - -8. Calculate the highest common divisor of 4 and v.
4
Sup